e highest common factor of 26 and n?
26
Let b be (988/(-182))/((-1)/7). Let i be (59 - 2) + 0/1. What is the highest common divisor of i and b?
19
Let o(i) = i**3 + 7*i**2 + 11*i + 13. Let n be o(-6). Let w = 9 - n. What is the greatest common factor of w and 78?
26
Let i be 2/6 + 411/9. Let h = i + -27. Calculate the highest common divisor of 209 and h.
19
Suppose -3*m - 13*m - 42*m = -6090. Suppose -v + 3*v = 5*y - 75, 2*v = 0. Calculate the highest common factor of m and y.
15
Suppose -18430 = 4*c - 3470. Let m be ((-6)/(-8))/((-5)/c). Calculate the greatest common factor of 51 and m.
51
Let c(a) = -a**2 - 62*a - 152. Let h be c(-26). Calculate the greatest common divisor of h and 16.
16
Let v(m) = 10*m - 12. Let t(c) = 3*c + 30. Let n be t(-9). Let d be v(n). Calculate the highest common factor of 6 and d.
6
Suppose -18 = 5*b - 8*b. Suppose b*i + 619 = 1753. Calculate the highest common divisor of 27 and i.
27
Let q be -1 + -85*(-4)/10. What is the greatest common factor of q and 24?
3
Let z be ((-5)/10)/((-4)/(-472)). Let k = -2 - z. Calculate the greatest common factor of k and 38.
19
Let n be (2 - (-192)/(-84)) + 16/7. Calculate the greatest common factor of n and 96.
2
Suppose 0 = 5*z - 2*g - 306, 3*z + g - 177 = -0*g. Let j = -61 - -39. Let h = j - -34. Calculate the highest common factor of h and z.
12
Suppose 4*g = -3*u + 426, g - 2*u - 98 = -7*u. Calculate the highest common factor of g and 27.
27
Suppose 5*x + 2*f - 77 = 0, 4*x + 26 - 91 = -5*f. What is the greatest common divisor of 285 and x?
15
Let p be 32/6*(-6 + (4 - 1)). Let z = 32 + p. Calculate the highest common divisor of z and 160.
16
Suppose -1115*j = -1106*j - 297. Let h = 5 + 17. What is the greatest common divisor of j and h?
11
Let l be 6648/168 - 9/(-21). What is the highest common factor of l and 25?
5
Let q(l) = -2*l**3 - 2*l**2 - 1. Suppose 0 = 2*s - 5*s + 6. Let v be q(s). Let r be (-5)/v - (-164)/5. What is the highest common divisor of 3 and r?
3
Let y(b) = 2*b**2 + 5*b - 9. Let i be y(-5). Suppose -1 = p, 4 = -4*s + 4*p + i. What is the greatest common factor of 3 and s?
1
Let u(s) = -s**3 + s**2 + s + 3. Let l be u(0). Suppose -5*p - 8 = v, 2*v + 6 = -p - 19. Let i = l - v. What is the greatest common divisor of 2 and i?
2
Let a be (30/(-4))/((-30)/280). What is the greatest common factor of a and 25?
5
Let d be (2 - 1) + 195/1. Suppose -z - d = -4*v, -2*z - 2 = -v + 47. Suppose 5*m - 131 = v. What is the greatest common factor of 54 and m?
18
Suppose -69144 = -185*p + 56*p. Calculate the greatest common divisor of 469 and p.
67
Let b be (-117 + -1)*(-101 + 97). Calculate the greatest common factor of 8 and b.
8
Let d(i) = 12*i**2 + 3*i + 3. Let k be d(-5). Calculate the highest common divisor of k and 45.
9
Suppose -906 = -8*d + 1278. Suppose 3*s - 57 = 60. What is the greatest common factor of s and d?
39
Let k(d) = 110*d**2 + d**2 - 1 + 43*d**2. Let l = -8 - -7. Let r be k(l). Calculate the greatest common factor of r and 17.
17
Suppose -5*y = -5*h - 90, -3*h - 5*y + 2 = 16. Let m = 18 + h. Suppose m*b = 43 - 3. What is the highest common divisor of b and 2?
2
Suppose 4*w - 42 = -30. Let x be (-2 + 4)*(-3)/(-2). What is the highest common factor of x and w?
3
Let k(i) = i**3 + 5*i**2 - 2*i - 6. Let l be k(-5). Suppose l*d = d + 627. Calculate the highest common factor of 19 and d.
19
Suppose 4*q - 564 = -4*v + 180, -4*v - 3*q = -740. What is the highest common factor of 14 and v?
14
Let x be 4*(0 + (-2)/4). Let q be 9*6/9*(2 - x). What is the greatest common divisor of 32 and q?
8
Let a = 33 + -8. What is the highest common divisor of 100 and a?
25
Let d(f) = 19*f**2 - 2*f - 2. Let t be d(2). Let w = t - 49. Let s be -4*w*3/(-2). Calculate the highest common divisor of 18 and s.
18
Let a = -1403 + 1523. What is the highest common divisor of 45 and a?
15
Let g be -3*(-225)/(-81)*54/(-15). Calculate the highest common factor of 36 and g.
6
Let s be (-3)/(-9) - 10/(-15). Suppose -2*n + 3*c - 14 + s = 0, -7 = -n - 3*c. Let t = 10 + n. Calculate the greatest common divisor of t and 56.
8
Suppose z - 2*f = -7*f + 23, 3*f = -4*z + 24. Let x = 483 - 453. What is the greatest common factor of x and z?
3
Let s = -7 + 12. Suppose s*i + 20 = 9*i. Suppose -3*f = -4*n - 20 - 34, -71 = -4*f + i*n. Calculate the greatest common divisor of 56 and f.
14
Let h(f) = -f**2 - 2*f + 11. Let w be h(0). Let p = w - -6. Calculate the highest common divisor of p and 34.
17
Suppose -4*o = 2*o - 216. Let q be 4/o - 1448/(-9). What is the greatest common factor of 7 and q?
7
Let m = 28 + 42. Suppose -4 - 20 = -8*r. Suppose -4*b + 0*b + 27 = t, 36 = 3*t + r*b. What is the highest common divisor of m and t?
7
Suppose 304 - 61 = 27*o. Calculate the greatest common divisor of o and 333.
9
Let t = -470 + 678. Calculate the greatest common factor of t and 48.
16
Let f be 85/(-15)*(1 + 224). Let d = f - -525. Let u be 7/(-14) + d/(-4). Calculate the greatest common divisor of u and 17.
17
Suppose -40*r = -41*r + 2. Let s(b) = 2*b**3 + 2*b**2 - 5*b - 3. Let i be s(r). What is the greatest common divisor of 77 and i?
11
Let c = 152 - 125. Calculate the highest common divisor of c and 729.
27
Suppose 19*f - 16*f = 9. Let y be ((-8)/(-10))/(4/10). Let t be (10 + y)*(-3)/(-4). What is the highest common divisor of f and t?
3
Suppose -4*v = -14 + 34, 0 = -4*l + v + 29. Calculate the highest common factor of l and 1380.
6
Let x(w) = -w + 45. Let o be x(0). Let a = -47 + 43. Let s be (-18)/a - (-1)/2. What is the highest common factor of s and o?
5
Let b be 112/(-6)*9/(-4). Suppose 0 = 2*q - 2*o - b, 0 = -2*q + 3*q + o - 15. Calculate the greatest common divisor of q and 12.
6
Let q(p) = -82*p - 452. Let h be q(-6). Calculate the highest common divisor of 28 and h.
4
Let l(s) = 100*s + 515. Let f be l(-5). Calculate the highest common divisor of 1590 and f.
15
Let z = 67 + -50. Let j(h) = -h + 32. Let a be j(z). Calculate the greatest common factor of 15 and a.
15
Let p be 84/(-9)*(75/(-12) - -1). Let x = 50 - p. What is the highest common factor of 8 and x?
1
Let g = 6 - 9. Let n be -3 - g - (-273)/3. Calculate the highest common divisor of 13 and n.
13
Suppose 9*k - 870 = 3450. Calculate the highest common factor of 15 and k.
15
Let f = -844 + 875. Calculate the greatest common divisor of 341 and f.
31
Let t(q) = -3*q + 14. Let v be t(0). Suppose -145 = 5*l - 5*h, -2*h - 20 = -0*l + l. Let s = -5 - l. What is the highest common divisor of s and v?
7
Let i = -15 + 28. Suppose -f = -29 - 26. Let d = f + -3. What is the greatest common divisor of d and i?
13
Suppose 2*t + 320 = 12*t. Calculate the greatest common factor of 12 and t.
4
Let r(l) = -l**2 - 4*l + 9. Let b be r(-9). Let k = b + 40. Suppose -k*w + 63 = -w. What is the highest common factor of w and 21?
21
Let y = 53 + -46. Suppose -235 = -5*k - 11*m + y*m, 4*m - 149 = -3*k. What is the highest common factor of k and 301?
43
Let x be 1/(-1) - 40/(-2). Suppose 5*p = -g + 1 - 14, 3*p = 5*g - x. Suppose -11 = g*l - 83. Calculate the greatest common divisor of l and 12.
12
Let h(n) = n**3 + 20. Let z(a) = 2*a**2 - 3*a - 4. Let r be z(3). Suppose r*w = 6*w. Let q be h(w). Calculate the highest common factor of q and 30.
10
Suppose t - 4*p - 18 = 0, -t - p + 63 = t. What is the greatest common factor of 66 and t?
6
Suppose -347 = -33*u + 379. What is the highest common divisor of u and 12?
2
Suppose 0 = 5*y + b + 101, -23 = 4*y + 5*b + 62. Let i be ((-18)/15)/(1/y). What is the highest common divisor of i and 120?
24
Suppose -4*m + 265 = -5*l, -2*m + 4*l - 220 = -6*m. What is the greatest common factor of 140 and m?
20
Let m = -80 - -86. Suppose -15 - m = -p. Calculate the highest common divisor of 56 and p.
7
Let w = 1721 - 1611. What is the greatest common divisor of 20 and w?
10
Let m = 127 + -115. Let i = -15 + 45. What is the highest common factor of m and i?
6
Let o(n) = -n**2 + 15*n + 36. Let g be o(17). Let p(c) = -c**3 - 6*c**2 + 2*c**2 + 5*c**3 + 3*c. Let f be p(g). What is the highest common factor of f and 66?
22
Let b be (282 - 14) + 1 + 6. Calculate the highest common factor of 440 and b.
55
Let t be ((-8)/(-5))/(2/10). Let b = 8 - -48. Suppose 2*i = i + b. Calculate the greatest common factor of i and t.
8
Suppose 74*k = -7*